 the remainder when 26 is divided by v?
8
Suppose 2*f + 110 = 5*d - 3*f, 84 = 4*d - 5*f. Calculate the remainder when d is divided by 1*-4*(-36)/16.
8
Suppose -3*s + 6*s = 5*q - 347, 4*s = 4*q - 284. Calculate the remainder when q is divided by 3/((-16)/20 + 1) + 3.
13
Suppose -8*o = p - 4*o - 58, 4*o = -8. Let c(k) = 2*k**3 - 4*k**2 + k + 2. What is the remainder when p is divided by c(3)?
20
Suppose -5*j - 2868 = -4413. What is the remainder when j is divided by 2?
1
Let n = -21 + 29. Let z(k) = -19 - 10*k**2 - k**3 + 11*k**2 - 3*k - 15*k**2. Calculate the remainder when z(-14) is divided by n.
7
Let f = -42 - -25. Let k = f - -31. Let w = -4 + k. Calculate the remainder when 28 is divided by w.
8
Let d = -79 - -168. Let q = d - 42. Let r(g) = -3*g - 3. What is the remainder when q is divided by r(-5)?
11
Calculate the remainder when (2/(-6))/(9 - 33220/3690) is divided by 49.
25
Suppose 14*n + 931 = 33*n. Calculate the remainder when n is divided by 6.
1
Suppose 4*w - f = 127, -2*f = -2*w + 3*f + 41. Let h = 2296 - 2284. Calculate the remainder when w is divided by h.
9
What is the remainder when 75 is divided by ((-2)/4)/((-125)/(-42) + -3)?
12
Suppose 16 = 2*g - 44. Calculate the remainder when 88 is divided by g.
28
Let a(j) = -j**3 + 10*j**2 + 13*j - 3. What is the remainder when a(11) is divided by 3?
1
Suppose f + 3 = 5. Let z(j) = 3*j**2 + 7*j**2 + j - 5*j**f + 1 - 4*j. What is the remainder when z(-4) is divided by 24?
21
Let m be 2/8 - (-21)/12. Suppose j - x + m = 4*x, 5*j = -x + 94. Suppose -2*u = u - 30. What is the remainder when j is divided by u?
8
Let c(w) = -2*w + 25. Let p be c(12). Suppose 2*b - p = 23. Calculate the remainder when 22 is divided by b.
10
Let w(c) = 2*c**2 - 5*c - 8. Let q be w(4). Let z(n) = 2*n**2 - 4*n + 2. Calculate the remainder when 87 is divided by z(q).
15
Let r(y) = -104*y + 3. Let q be r(-1). Let w = -22 + q. Calculate the remainder when w is divided by 22.
19
Suppose 5*p = -3*z - 5, -9 = 5*z + 5*p - 4. Suppose -2*s - 8 = 4*g - 46, z = -5*s + 4*g + 25. What is the remainder when 17 is divided by 3 + (-2 - 0) + s?
7
Suppose 4*q - 83 - 53 = 0. Calculate the remainder when 20 is divided by (q/(-12) - 4/(-8))*-3.
6
Calculate the remainder when 4/(-6) + 21/((-567)/(-2448)) is divided by 13.
12
Let u(w) = w**3 - 22*w**2 - 6*w - 192. What is the remainder when u(23) is divided by 99?
1
Suppose x - h = 52, 13*x + 198 = 17*x + h. What is the remainder when x is divided by (39/(-9))/((-2)/6)?
11
Let r be ((3 - 1) + -5)*-1. Suppose r*o = -4*h + 21, -o - 35 = -3*h - 3. What is the remainder when h is divided by ((-39)/(-52))/(1/8)?
3
Let o(h) = -h**3 - 2*h**2 + 4*h + 3. Let z be o(-3). Suppose 0*b - 44 = -b - 3*p, p - 3 = z. Calculate the remainder when b is divided by 19.
16
Let w = 22 + -70. Let s = -32 - w. What is the remainder when s is divided by 3?
1
Let g(o) = -2*o**3 + 14*o**2 + 17*o - 9. What is the remainder when g(6) is divided by 12?
9
Suppose x - 271 = -20. What is the remainder when x is divided by 17?
13
Let k(i) = 2*i**2 + 4*i - 5. Let s be (2/5)/(1/(-10)). Suppose -b = b - 62. What is the remainder when b is divided by k(s)?
9
Let r be (-10)/(-35) - 104/(-28). What is the remainder when 24 is divided by 22/r - ((-15)/(-6))/(-5)?
0
Suppose 3*f + 5*f - 48 = 0. What is the remainder when (2 + 9)*(f + -5) is divided by 2?
1
Suppose 7*o - 26 = 5*o. Calculate the remainder when o is divided by 5.
3
Suppose 5*o - 140 = -25. Let p(k) = -k**3 - 3*k**2 - 5*k - 2. Let n be p(-4). Let q = n - 21. What is the remainder when o is divided by q?
10
Let h(o) = 3*o**2 - o. Let t be h(-1). Let v = 33 + -16. Calculate the remainder when v is divided by (-12 - -6)*(-6)/t.
8
Suppose 3*s = 2*o - 1089, 4*o + 3*s = 1511 + 622. Suppose -4*p = -0*h - 3*h + 572, 3*h - o = -3*p. What is the remainder when h is divided by 31?
29
Suppose 4*w - 5*w + 2*j = -32, 0 = j + 4. Calculate the remainder when 213 is divided by w.
21
Let b = -141 + 163. What is the remainder when 82 is divided by b?
16
Let w = 1987 + -1940. What is the remainder when w is divided by 14?
5
Let a = 11 - 3. Let o(z) = z**2 - 19*z + 3. Let t(v) = -2*v. Let n(w) = -o(w) + 4*t(w). What is the remainder when 82 is divided by n(a)?
19
Suppose 4*p - 2 - 10 = 0. Suppose -p*c + 15 = -21. Calculate the remainder when 23 is divided by c.
11
Let w be 1 + 306 + -2 + 3. Suppose -j + 52 = -4*q, 0*j + 4*q + w = 5*j. Suppose -6*i + j = -2*i. Calculate the remainder when 61 is divided by i.
13
Let k(z) be the first derivative of 2*z**3/3 - z**2 - 2*z + 142. Suppose 2*v = -0*v + 14. Calculate the remainder when k(v) is divided by 14.
12
Let j(q) = -292*q - 443. What is the remainder when j(-8) is divided by 8?
5
Let r = -235 - -243. What is the remainder when 190 is divided by r?
6
Let b = -249 + 288. What is the remainder when b is divided by 10?
9
Suppose 10*d - 330 = 15*d. What is the remainder when 22/d*(0 - 147) is divided by 25?
24
Let x(p) = 19*p - 257. Calculate the remainder when x(16) is divided by 9.
2
Calculate the remainder when (-1521)/(-9) + (-16)/(-5 - -1) is divided by 7.
5
Suppose 5*h + 10 = 2*o - 4, 4*o - 3*h = 28. Suppose 18 = 5*n - o. Suppose 0*a + 48 = 4*y + n*a, y - 5*a + 13 = 0. What is the remainder when 11 is divided by y?
4
Let g(d) = d**2 - 40*d + 210. Calculate the remainder when 130 is divided by g(35).
25
Let l = -318 + 362. What is the remainder when 390 is divided by l?
38
Suppose b + 0*b = 10. Let j = -10 + b. Suppose j = 3*f - 8*f + 225. What is the remainder when f is divided by 16?
13
Let q = -189 - -235. Let d = -7 + 12. Suppose -24 = -d*x + 3*x. What is the remainder when q is divided by x?
10
Suppose a - 92 = -0*a. Let p be 5/(57/15 - 4). Let r = p + 49. What is the remainder when a is divided by r?
20
Let t(v) = v**2 - 8*v + 1. Let y be t(9). Let r = 1 - 0. Let w = y - r. Calculate the remainder when 24 is divided by w.
6
Calculate the remainder when (-18)/((-5)/(55/2)) is divided by (-1 - 58/10)/((156/60)/(-13)).
31
Let w(s) = 5*s**3 - s. Suppose 2*p - n = -9, -3*p + 0*p - 11 = -n. Let i = 12 - p. Calculate the remainder when i is divided by w(1).
2
Let h be (-3 - (-21)/9)/((-2)/3). What is the remainder when (-23)/(h*(-1)/7) is divided by 18?
17
Let x = -1004 + 1042. What is the remainder when 100 is divided by x?
24
Let z = -4 - -3. Calculate the remainder when (-3)/(-2) - (-966)/28 is divided by z*(-39)/((-9)/(-3)).
10
Let i = 539 - 517. Calculate the remainder when i is divided by 6.
4
Let b(v) = 3*v**2 - 13*v - 3. What is the remainder when b(-5) is divided by 69?
68
Let q(p) = p**2 + 6*p + 21. Suppose 18 = -6*z - 24. Calculate the remainder when 82 is divided by q(z).
26
What is the remainder when 112 is divided by (-3)/((-3)/(-78)*(-5 - -3))?
34
Let l(p) = p**2 + p - 1. Let v(d) = -4*d**2 + 3*d - 1. Let u(h) = 3*l(h) + v(h). Calculate the remainder when 9 is divided by u(4).
1
Let b(s) = s**2 - 5*s. Let p be b(9). Let j = 6 + -4. What is the remainder when 10 is divided by p/(-15)*(-5)/j?
4
What is the remainder when 58 is divided by ((-4)/2 - -1)/((-713)/12834)?
4
Let d(z) = 34*z + 6. What is the remainder when d(1) is divided by 28?
12
Suppose 4*i = -4*z + 44, 6*i - 15 = i + 3*z. Let b = i - 1. Calculate the remainder when b is divided by (1/3)/(6*(-4)/(-288)).
1
Let t = -37 - -23. What is the remainder when 26 is divided by (t/8)/((-5)/40)?
12
What is the remainder when 16 is divided by (-15)/10*-4 - 1?
1
Let m(r) = -r**2 + 19*r + 25. Let o be m(20). Suppose o*q = 4*t + 154, q - 3*t + 6 = 28. What is the remainder when 167 is divided by q?
31
Suppose -3*w + w = -6. Suppose -5*p - 3*j + 20 = 0, -4*p - w*j = 2*j - 29. Calculate the remainder when 10 is divided by (-26)/(-8) - p/4.
1
Suppose 132 = -5*z - 3*y, -6*z + 2*y = -3*z + 83. Let a = 40 + z. Calculate the remainder when 77 is divided by a.
12
Let l(n) = 5*n**2 - 58*n - 16. Calculate the remainder when l(13) is divided by 37.
1
Suppose -966 = -4*w + 5*l, 5*w - 2*l + l - 1218 = 0. Let h = -1031 + 1080. What is the remainder when w is divided by h?
48
Let i be (8 - 0)/(4/62). Let a = i + -65. Suppose -2*n + 6*n = 80. Calculate the remainder when a is divided by n.
19
Let a = 60 - 40. Let l = 66 - a. Calculate the remainder when l is divided by 12.
10
Calculate t